by 8585?
51
What is the remainder when 440721 is divided by 220330?
61
What is the remainder when 2454 is divided by 2450?
4
What is the remainder when 47396 is divided by 207?
200
Calculate the remainder when 7663 is divided by 280.
103
What is the remainder when 17845 is divided by 1274?
9
What is the remainder when 4326 is divided by 2165?
2161
What is the remainder when 151894 is divided by 14?
8
What is the remainder when 4555275 is divided by 182?
179
Calculate the remainder when 43696 is divided by 43678.
18
Calculate the remainder when 30521 is divided by 6085.
96
What is the remainder when 6969730 is divided by 209?
207
What is the remainder when 2293 is divided by 23?
16
What is the remainder when 1503550 is divided by 573?
571
Calculate the remainder when 349393 is divided by 194.
193
What is the remainder when 54651 is divided by 74?
39
What is the remainder when 25090 is divided by 599?
531
What is the remainder when 1492 is divided by 311?
248
What is the remainder when 46199 is divided by 85?
44
What is the remainder when 48799 is divided by 448?
415
Calculate the remainder when 36421 is divided by 65.
21
What is the remainder when 1526068 is divided by 546?
544
What is the remainder when 382422 is divided by 15?
12
What is the remainder when 26816 is divided by 208?
192
What is the remainder when 621490 is divided by 244?
22
Calculate the remainder when 15143 is divided by 12517.
2626
Calculate the remainder when 193929 is divided by 90.
69
Calculate the remainder when 255 is divided by 32.
31
Calculate the remainder when 1778 is divided by 615.
548
Calculate the remainder when 32491 is divided by 250.
241
Calculate the remainder when 13343 is divided by 112.
15
What is the remainder when 273 is divided by 98?
77
What is the remainder when 156077 is divided by 9?
8
What is the remainder when 215850 is divided by 243?
66
What is the remainder when 1636 is divided by 532?
40
Calculate the remainder when 13038 is divided by 169.
25
What is the remainder when 2366 is divided by 260?
26
What is the remainder when 6726 is divided by 2409?
1908
Calculate the remainder when 395118 is divided by 197542.
34
What is the remainder when 9925 is divided by 4752?
421
Calculate the remainder when 23483 is divided by 35.
33
Calculate the remainder when 600 is divided by 240.
120
What is the remainder when 1460 is divided by 729?
2
What is the remainder when 322 is divided by 109?
104
Calculate the remainder when 51531 is divided by 82.
35
What is the remainder when 3677 is divided by 713?
112
What is the remainder when 932 is divided by 255?
167
Calculate the remainder when 1299 is divided by 45.
39
Calculate the remainder when 77352 is divided by 233.
229
Calculate the remainder when 43861 is divided by 43813.
48
What is the remainder when 6192 is divided by 6184?
8
Calculate the remainder when 1182 is divided by 323.
213
What is the remainder when 183130 is divided by 1869?
1837
What is the remainder when 65427 is divided by 23?
15
Calculate the remainder when 1269 is divided by 250.
19
What is the remainder when 7355 is divided by 23?
18
Calculate the remainder when 171550 is divided by 22.
16
Calculate the remainder when 2640 is divided by 2566.
74
What is the remainder when 16268 is divided by 185?
173
Calculate the remainder when 22609 is divided by 154.
125
What is the remainder when 53614 is divided by 17867?
13
Calculate the remainder when 2091 is divided by 321.
165
Calculate the remainder when 50095 is divided by 22.
1
What is the remainder when 7871 is divided by 132?
83
What is the remainder when 1671841 is divided by 1376?
1
Calculate the remainder when 14218 is divided by 4683.
169
Calculate the remainder when 197 is divided by 106.
91
Calculate the remainder when 77653 is divided by 43.
38
What is the remainder when 1559 is divided by 227?
197
What is the remainder when 8211 is divided by 161?
0
Calculate the remainder when 21249 is divided by 7081.
6
What is the remainder when 70355 is divided by 23451?
2
Calculate the remainder when 85449 is divided by 27.
21
Calculate the remainder when 18772 is divided by 6239.
55
Calculate the remainder when 827 is divided by 378.
71
Calculate the remainder when 1289 is divided by 418.
35
Calculate the remainder when 2512 is divided by 329.
209
What is the remainder when 622398 is divided by 223?
5
Calculate the remainder when 367 is divided by 69.
22
What is the remainder when 6615 is divided by 784?
343
What is the remainder when 19969 is divided by 19751?
218
Calculate the remainder when 1930 is divided by 56.
26
What is the remainder when 537254 is divided by 593?
589
Calculate the remainder when 144741 is divided by 8.
5
Calculate the remainder when 7380 is divided by 223.
21
Calculate the remainder when 753003 is divided by 22.
9
Calculate the remainder when 2911 is divided by 27.
22
What is the remainder when 7412 is divided by 443?
324
Calculate the remainder when 6726 is divided by 831.
78
Calculate the remainder when 4647 is divided by 1540.
27
What is the remainder when 1694 is divided by 197?
118
Calculate the remainder when 196809 is divided by 308.
305
Calculate the remainder when 119039 is divided by 72.
23
What is the remainder when 245 is divided by 10?
5
What is the remainder when 4223 is divided by 115?
83
What is the remainder when 2442 is divided by 1354?
1088
What is the remainder when 18322 is divided by 14?
10
What is the remainder when 181983 is divided by 700?
683
Calculate the remainder when 2069 is divided by 522.
503
What is the remainder when 15258 is divided by 1017?
3
What is the remainder when 1690 is divided by 94?
92
Calculate the remainder when 2919 is divided by 635.
379
Calculate the remainder when 4199 is divided by 55.
19
What is the remainder when 7553 is divided by 1071?
56
What is the remainder when 10381966 is divided by 51?
49
What is the remainder when 605688 is divided by 187?
182
What is the remainder when 174 is divided by 81?
12
Calculate the remainder when 166918 is divided by 30.
28
Calculate the remainder when 106887 is divided by 219.
15
Calculate the remainder when 17047 is divided by 8520.
7
What is the remainder when 2934 is divided by 2934?
0
Calculate the remainder when 1424 is divided by 543.
338
Calculate the remainder when 175005 is divided by 493.
483
What is the remainder when 7455 is divided by 371?
35
Calculate the remainder when 10502 is divided by 189.
107
Calculate the remainder when 55638 is divided by 713.
24
Calculate the remainder when 36161 is divided by 1446.
11
Calculate the remainder when 6758 is divided by 2077.
527
Calculate the remainder when 71388 is divided by 23.
19
Calculate the remainder when 23336 is divided by 23264.
72
Calculate the remainder when 161993 is divided by 20243.
49
Calculate the remainder when 12632 is divided by 52.
48
What is the remainder when 68206 is divided by 689?
684
What is the remainder when 6049888 is divided by 297?
295
Calculate the remainder when 1210 is divided by 25.
10
What is the remainder when 6643 is divided by 444?
427
Calculate the remainder when 163916 is divided by 766.
758
What is the remainder when 7355 is divided by 816?
11
What is the remainder when 2406 is divided by 2159?
247
What is the remainder when 9875 is divided by 24?
11
Calculate the remainder when 25880 is divided by 1167.
206
Calculate the remainder when 16894 is divided by 282.
256
Calculate the remainder when 67785 is divided by 5.
0
What is the remainder when 19872 is divided by 141?
132
Calculate the remainder when 34781 is divided by 202.
37
What is the remainder when 58728 is divided by 576?
552
Calculate the remainder when 46063 is divided by 485.
473
What is the remainder when 63423 is divided by 21139?
6
Calculate the remainder when 1150 is divided by 214.
80
What is the remainder when 395 is divided by 22?
21
What is the remainder when 19442 is divided by 4854?
26
Calculate the remainder when 13960 is divided by 6522.
916
Calculate the remainder when 3985 is divided by 567.
16
Calculate the remainder when 14907 is divided by 7451.
5
Calculate the remainder when 152598 is divided by 37.
10
What is the remainder when 1438592 is divided by 719292?
8
What is the remainder when 5970 is divide